, 167, 148073
List the prime factors of 227376466.
2, 53, 929, 2309
List the prime factors of 1155955818.
2, 3, 229, 841307
List the prime factors of 278840293.
23, 89, 179, 761
What are the prime factors of 1331602142?
2, 13, 51215467
What are the prime factors of 48443932?
2, 1871, 6473
List the prime factors of 6172089.
3, 7, 11, 347
List the prime factors of 5224829559.
3, 31, 56180963
What are the prime factors of 420967452?
2, 3, 131, 267791
What are the prime factors of 51936419?
29, 37, 97, 499
List the prime factors of 472491543.
3, 61, 2581921
List the prime factors of 541913539.
17, 5639, 5653
List the prime factors of 1581644127.
3, 7, 577, 130531
List the prime factors of 621666582.
2, 3, 181, 572437
List the prime factors of 142778509.
83, 1720223
What are the prime factors of 41971160?
2, 5, 7, 11, 13627
List the prime factors of 101877585.
3, 5, 691, 9829
List the prime factors of 30181480.
2, 5, 7, 107791
What are the prime factors of 821767646?
2, 7, 47, 173, 7219
List the prime factors of 279322847.
10709, 26083
What are the prime factors of 2229775?
5, 79, 1129
What are the prime factors of 6133728?
2, 3, 181, 353
What are the prime factors of 50948733?
3, 11, 251, 6151
What are the prime factors of 378654783?
3, 13, 2411, 4027
What are the prime factors of 17466746?
2, 11, 229, 3467
List the prime factors of 576461490.
2, 3, 5, 11, 313, 5581
What are the prime factors of 1805249391?
3, 11, 29, 2243
List the prime factors of 335209921.
107, 3132803
What are the prime factors of 166382203?
13, 2711, 4721
What are the prime factors of 993840472?
2, 2749, 45191
List the prime factors of 5340424445.
5, 1068084889
List the prime factors of 31368722.
2, 7, 11, 4157
What are the prime factors of 1687490126?
2, 7, 17219287
List the prime factors of 6102381685.
5, 1220476337
List the prime factors of 2500035593.
11, 601, 378163
What are the prime factors of 2418309622?
2, 157, 7701623
What are the prime factors of 3741078998?
2, 36229, 51631
List the prime factors of 174535871.
67, 2605013
List the prime factors of 369849091.
369849091
List the prime factors of 772552326.
2, 3, 7, 13, 131, 1543
What are the prime factors of 898940013?
3, 7529, 39799
List the prime factors of 81579665.
5, 16315933
What are the prime factors of 3309699007?
239, 13848113
What are the prime factors of 530782281?
3, 19658603
What are the prime factors of 239539226?
2, 1223, 97931
List the prime factors of 517653041.
1783, 290327
List the prime factors of 52484817.
3, 7, 11, 227207
List the prime factors of 71962294.
2, 2309, 15583
List the prime factors of 487432778.
2, 7, 31, 43, 26119
List the prime factors of 89761090.
2, 5, 29, 309521
List the prime factors of 1593692228.
2, 499, 798443
List the prime factors of 25604455.
5, 5120891
What are the prime factors of 1977901430?
2, 5, 557, 355099
List the prime factors of 2883841690.
2, 5, 449, 642281
What are the prime factors of 88729571?
7, 1709, 7417
List the prime factors of 593101559.
17, 34888327
List the prime factors of 81433903.
81433903
List the prime factors of 507966807.
3, 169322269
List the prime factors of 671973677.
139, 421, 11483
What are the prime factors of 4964180?
2, 5, 13, 61, 313
What are the prime factors of 347864580?
2, 3, 5, 7, 276083
What are the prime factors of 1281237?
3, 427079
What are the prime factors of 29906845?
5, 1693, 3533
List the prime factors of 63056395.
5, 12611279
What are the prime factors of 231435684?
2, 3, 2142923
What are the prime factors of 1399536404?
2, 7, 29, 59, 131, 223
List the prime factors of 322030797.
3, 11, 23, 337, 1259
List the prime factors of 24636055.
5, 103, 47837
What are the prime factors of 8144225?
5, 325769
List the prime factors of 350505620.
2, 5, 79, 97, 2287
List the prime factors of 358150592.
2, 5596103
What are the prime factors of 88219018?
2, 17, 2594677
List the prime factors of 1553348902.
2, 7, 2264357
What are the prime factors of 3253926610?
2, 5, 11, 23, 199, 281
What are the prime factors of 13378198?
2, 6689099
What are the prime factors of 3093938?
2, 1546969
What are the prime factors of 356217699?
3, 118739233
List the prime factors of 22839566.
2, 11419783
List the prime factors of 38918636.
2, 73, 133283
What are the prime factors of 5998405?
5, 7, 171383
List the prime factors of 760966577.
7, 9907, 10973
What are the prime factors of 638914798?
2, 1861, 171659
What are the prime factors of 31025504?
2, 59, 16433
List the prime factors of 271132738.
2, 397, 341477
List the prime factors of 50166121.
50166121
List the prime factors of 54480495.
3, 5, 17, 213649
What are the prime factors of 79454196?
2, 3, 43, 1901
What are the prime factors of 3518358478?
2, 19, 5279, 17539
List the prime factors of 748444619.
13, 57572663
List the prime factors of 1184809740.
2, 3, 5, 263, 75083
List the prime factors of 6496101194.
2, 11, 295277327
List the prime factors of 249819674.
2, 13, 1511, 6359
List the prime factors of 18700433.
1399, 13367
What are the prime factors of 2106659903?
19, 191, 30553
What are the prime factors of 162263558?
2, 81131779
List the prime factors of 401779622.
2, 79, 167, 15227
List the prime factors of 381767143.
131, 1117, 2609
List the prime factors of 1009592537.
1009592537
What are the prime factors of 128225704?
2, 29, 83, 6659
List the prime factors of 101153489.
101153489
List the prime factors of 410719004.
2, 23, 4464337
List the prime factors of 43017639.
3, 7, 353, 829
List the prime factors of 882924546.
2, 3, 7, 17, 29, 42641
List the prime factors of 441208563.
3, 23, 163, 39229
List the prime factors of 573963840.
2, 3, 5, 66431
List the prime factors of 4059659220.
2, 3, 5, 109, 620743
What are the prime factors of 1664005372?
2, 416001343
What are the prime factors of 11620011?
3, 13, 67, 4447
List the prime factors of 18534094.
2, 31, 298937
What are the prime factors of 9248590076?
2, 11, 23, 59, 154897
List the prime factors of 347103418.
2, 173551709
List the prime factors of 4242076499.
4242076499
List the prime factors of 34359221.
13, 203309
What are the prime factors of 1175402490?
2, 3, 5, 107, 366169
What are the prime factors of 4965620333?
83, 59826751
List the prime factors of 1179049510.
2, 5, 59, 33871
What are the prime factors of 2571083712?
2, 3, 971, 4597
What are the prime factors of 41870490?
2, 3, 5, 17, 19, 29, 149
List the prime factors of 429904902.
2, 3, 7, 103, 99377
List the prime factors of 67117212.
2, 3, 719, 2593
What are the prime factors of 187112657?
12671, 14767
What are the prime factors of 35272521?
3, 3919169
List the prime factors of 114887274.
2, 3, 19147879
List the prime factors of 16244649.
3, 1804961
List the prime factors of 539468586.
2, 3, 3330053
What are the prime factors of 543708983?
23, 71, 332951
List the prime factors of 496765663.
37, 59, 227561
List the prime factors of 2228839179.
3, 7, 17, 6243247
What are the prime factors of 1159566935?
5, 31, 1741, 4297
List the prime factors of 124772899.
124772899
List the prime factors of 2018152518.
2, 3, 17, 19785809
What are the prime factors of 914753?
7, 17, 7687
List the prime factors of 6202640.
2, 5, 23, 3371
List the prime factors of 29327896.
2, 13, 73, 3863
What are the prime factors of 27446602?
2, 17, 19, 42487
What are the prime factors of 133262563?
7, 19037509
What are the prime factors of 332523115?
5, 59, 1127197
List the prime factors of 4625126.
2, 11, 210233
What are the prime factors of 39701365?
5, 11, 721843
What are the prime factors of 1965647569?
1965647569
List the prime factors of 140417885.
5, 19, 1478083
What are the prime factors of 2453063602?
2, 11, 79, 1411429
What are the prime factors of 750469470?
2, 3, 5, 25015649
List the prime factors of 20540648.
2, 2567581
What are the prime factors of 44925558?
2, 3, 7487593
List the prime factors of 296865697.
71, 409, 10223
What are the prime factors of 124931800?
2, 5, 7, 89237
List the prime factors of 5023273645.
5, 13, 17, 1637, 2777
List the prime factors of 524342197.
53, 79, 125231
What are the prime factors of 106593409?
13, 8199493
What are the prime factors of 40320431?
40320431
List the prime factors of 43490597.
2777, 15661
List the prime factors of 48945494.
2, 13, 1882519
List